n factor of 96 and 2128?
16
What is the greatest common divisor of 14 and 118?
2
Calculate the highest common divisor of 11520 and 36.
36
Calculate the highest common factor of 24 and 488.
8
What is the highest common factor of 639 and 234?
9
Calculate the highest common factor of 220 and 730.
10
Calculate the highest common factor of 2055 and 30.
15
Calculate the highest common factor of 22 and 1375.
11
What is the greatest common divisor of 312 and 962?
26
What is the highest common divisor of 40 and 4792?
8
Calculate the highest common factor of 522 and 1.
1
What is the greatest common factor of 66 and 474?
6
What is the highest common divisor of 38 and 12?
2
Calculate the highest common divisor of 2500 and 1625.
125
Calculate the greatest common factor of 297 and 132.
33
Calculate the highest common factor of 1537 and 159.
53
Calculate the greatest common divisor of 80 and 560.
80
What is the highest common factor of 722 and 285?
19
What is the highest common divisor of 48 and 312?
24
What is the greatest common divisor of 2653 and 7?
7
Calculate the greatest common factor of 403 and 217.
31
What is the greatest common divisor of 1345 and 45?
5
What is the highest common divisor of 3417 and 51?
51
What is the highest common factor of 10 and 9610?
10
What is the greatest common divisor of 5125 and 82?
41
What is the greatest common factor of 24 and 36?
12
What is the greatest common factor of 1003 and 17?
17
What is the greatest common factor of 189 and 84?
21
Calculate the greatest common factor of 48662 and 87.
29
Calculate the highest common divisor of 25 and 185.
5
Calculate the highest common divisor of 770 and 20.
10
Calculate the greatest common factor of 174 and 87.
87
Calculate the greatest common factor of 12 and 162.
6
What is the greatest common divisor of 374 and 22?
22
Calculate the greatest common divisor of 27 and 4509.
27
What is the highest common divisor of 305 and 366?
61
Calculate the greatest common divisor of 36 and 16.
4
What is the highest common divisor of 216 and 40?
8
What is the highest common factor of 7953 and 33?
33
Calculate the greatest common divisor of 228 and 1188.
12
Calculate the highest common factor of 88621 and 221.
221
Calculate the greatest common factor of 1220 and 20.
20
What is the highest common factor of 56 and 7532?
28
What is the highest common divisor of 112 and 304?
16
What is the highest common divisor of 82 and 902?
82
Calculate the greatest common factor of 104 and 4810.
26
What is the highest common factor of 322 and 126?
14
Calculate the greatest common factor of 646 and 34.
34
Calculate the greatest common factor of 16 and 12.
4
What is the greatest common divisor of 1007 and 57?
19
Calculate the highest common factor of 324 and 156.
12
What is the greatest common factor of 666 and 36?
18
Calculate the greatest common divisor of 88 and 286.
22
What is the highest common factor of 1035 and 135?
45
Calculate the greatest common factor of 11 and 11.
11
Calculate the greatest common divisor of 39 and 5889.
39
Calculate the greatest common divisor of 595 and 35.
35
Calculate the highest common factor of 27712 and 16.
16
Calculate the highest common factor of 190 and 320.
10
What is the highest common factor of 561 and 44?
11
Calculate the highest common factor of 68 and 3893.
17
Calculate the greatest common divisor of 1974 and 42.
42
What is the greatest common factor of 16 and 1072?
16
What is the highest common divisor of 17832 and 72?
24
Calculate the greatest common factor of 170 and 640.
10
What is the greatest common divisor of 286 and 3003?
143
What is the highest common factor of 25 and 3200?
25
What is the greatest common divisor of 35 and 35?
35
What is the greatest common divisor of 156 and 204?
12
What is the highest common factor of 555 and 5735?
185
What is the greatest common factor of 981 and 7957?
109
Calculate the greatest common factor of 16 and 1208.
8
Calculate the highest common factor of 272 and 1360.
272
What is the highest common factor of 1211 and 42?
7
What is the highest common divisor of 234 and 1755?
117
What is the highest common divisor of 38779 and 314?
157
What is the highest common factor of 136 and 187?
17
What is the highest common divisor of 602 and 14?
14
What is the highest common divisor of 1760 and 120?
40
Calculate the highest common factor of 78 and 6.
6
What is the highest common divisor of 30 and 1275?
15
Calculate the highest common factor of 2 and 64.
2
Calculate the greatest common factor of 872 and 8.
8
What is the greatest common factor of 570 and 5890?
190
What is the highest common factor of 340 and 60?
20
What is the highest common factor of 191 and 93399?
191
What is the highest common factor of 3090 and 30?
30
Calculate the highest common factor of 62 and 1271.
31
What is the highest common divisor of 33 and 583?
11
Calculate the greatest common factor of 528 and 220.
44
Calculate the greatest common factor of 18 and 24.
6
Calculate the greatest common divisor of 4 and 68.
4
What is the greatest common factor of 71 and 1?
1
What is the highest common divisor of 2461 and 23?
23
Calculate the highest common factor of 252 and 438.
6
What is the highest common divisor of 5529 and 114?
57
What is the highest common divisor of 202 and 14342?
202
What is the highest common divisor of 3038 and 3906?
434
Calculate the highest common divisor of 736 and 32.
32
What is the highest common factor of 318 and 530?
106
What is the highest common divisor of 207 and 36?
9
Calculate the greatest common factor of 3710 and 280.
70
Calculate the greatest common divisor of 28 and 476.
28
What is the highest common factor of 5995 and 55?
55
What is the highest common divisor of 11 and 891?
11
What is the greatest common divisor of 702 and 52?
26
What is the greatest common factor of 45 and 1962?
9
Calculate the greatest common factor of 962 and 26.
26
What is the highest common factor of 56 and 1148?
28
What is the highest common divisor of 150 and 48?
6
Calculate the highest common factor of 92 and 7360.
92
What is the greatest common factor of 60 and 96?
12
Calculate the highest common factor of 49 and 1421.
49
What is the highest common factor of 2327 and 179?
179
What is the highest common factor of 46386 and 18?
18
What is the greatest common divisor of 33 and 1551?
33
What is the greatest common divisor of 22748 and 88?
44
What is the highest common divisor of 506 and 8855?
253
What is the highest common factor of 12 and 16332?
12
What is the highest common factor of 1295 and 595?
35
What is the highest common divisor of 8736 and 32?
32
Calculate the highest common factor of 68 and 17.
17
Calculate the greatest common divisor of 9 and 41.
1
Calculate the greatest common factor of 23 and 46.
23
Calculate the greatest common factor of 95510 and 10.
10
What is the highest common factor of 37692 and 27?
27
Calculate the highest common factor of 7259 and 68.
17
Calculate the highest common factor of 1351 and 21.
7
What is the greatest common divisor of 240 and 36?
12
What is the highest common divisor of 6200 and 217?
31
What is the highest common factor of 4125 and 30?
15
Calculate the greatest common divisor of 8027 and 23.
23
Calculate the highest common divisor of 64 and 3296.
32
Calculate the greatest common factor of 798 and 494.
38
What is the highest common factor of 5 and 85?
5
What is the greatest common divisor of 44 and 40876?
44
Calculate the greatest common divisor of 1872 and 260.
52
Calculate the greatest common divisor of 351 and 135.
27
Calculate the highest common factor of 106 and 53.
53
Calculate the highest common factor of 8 and 40.
8
What is the highest common factor of 57 and 361?
19
What is the highest common divisor of 24 and 12?
12
Calculate the highest common factor of 150 and 8.
2
Calculate the greatest common factor of 130 and 6682.
26
What is the highest common divisor of 132 and 36?
12
What is the greatest common factor of 372 and 93?
93
What is the highest common factor of 3735 and 20?
5
Calculate the greatest common factor of 286 and 104.
26
Calculate the greatest common factor of 175 and 400.
25
Calculate the highest common factor of 90 and 225.
45
Calculate the greatest common divisor of 88 and 716.
4
What is the 